202?
2, 3, 137, 15791
List the prime factors of 1408960.
2, 5, 7, 17, 37
List the prime factors of 2906249.
353, 8233
List the prime factors of 292695.
3, 5, 13, 19, 79
List the prime factors of 713107.
713107
List the prime factors of 2282859.
3, 253651
List the prime factors of 22977400.
2, 5, 131, 877
What are the prime factors of 178942?
2, 17, 19, 277
List the prime factors of 3684014.
2, 41, 44927
List the prime factors of 310356.
2, 3, 37, 233
List the prime factors of 753306.
2, 3, 125551
List the prime factors of 1699195.
5, 339839
What are the prime factors of 335002?
2, 17, 59, 167
What are the prime factors of 2234414?
2, 7, 13, 12277
List the prime factors of 5976828.
2, 3, 11, 13, 43
List the prime factors of 6924906.
2, 3, 128239
List the prime factors of 1413403.
109, 12967
List the prime factors of 3671666.
2, 311, 5903
List the prime factors of 187423.
187423
What are the prime factors of 408458?
2, 131, 1559
What are the prime factors of 493085?
5, 17, 5801
What are the prime factors of 5068287?
3, 7, 80449
What are the prime factors of 226720?
2, 5, 13, 109
List the prime factors of 931135.
5, 186227
What are the prime factors of 166055?
5, 33211
List the prime factors of 1534665.
3, 5, 11, 71, 131
List the prime factors of 871347.
3, 127, 2287
List the prime factors of 190489.
13, 14653
List the prime factors of 351904.
2, 7, 1571
List the prime factors of 64503.
3, 2389
What are the prime factors of 4337999?
4337999
What are the prime factors of 21470043?
3, 7, 1022383
What are the prime factors of 13285?
5, 2657
List the prime factors of 345763.
11, 17, 43
What are the prime factors of 9163529?
19, 89, 5419
What are the prime factors of 1119397?
1119397
What are the prime factors of 13379586?
2, 3, 11, 73, 2777
What are the prime factors of 850013?
59, 14407
What are the prime factors of 163995?
3, 5, 13, 29
List the prime factors of 11349136.
2, 709321
List the prime factors of 2189979.
3, 11, 2011
List the prime factors of 1611424.
2, 37, 1361
List the prime factors of 237363.
3, 7, 89, 127
What are the prime factors of 753421?
753421
What are the prime factors of 89528?
2, 19, 31
List the prime factors of 148868.
2, 37217
List the prime factors of 2486443.
2486443
What are the prime factors of 2026074?
2, 3, 43, 7853
What are the prime factors of 891262?
2, 445631
What are the prime factors of 2547856?
2, 59, 2699
What are the prime factors of 3217655?
5, 7, 149, 617
List the prime factors of 163278.
2, 3, 47, 193
What are the prime factors of 733608?
2, 3, 23, 443
List the prime factors of 3766971.
3, 13, 96589
List the prime factors of 6894820.
2, 5, 103, 3347
List the prime factors of 67139.
67139
What are the prime factors of 163335?
3, 5, 10889
List the prime factors of 1509498.
2, 3, 17, 4933
List the prime factors of 123368.
2, 7, 2203
List the prime factors of 673328.
2, 42083
List the prime factors of 225124.
2, 23, 2447
List the prime factors of 2052590.
2, 5, 83, 2473
What are the prime factors of 292159?
7, 41737
List the prime factors of 1196501.
1196501
List the prime factors of 14445297.
3, 139, 1283
List the prime factors of 1382045.
5, 7, 5641
List the prime factors of 28300.
2, 5, 283
What are the prime factors of 4490267?
23, 195229
What are the prime factors of 214837?
7, 47, 653
List the prime factors of 21355.
5, 4271
List the prime factors of 23034.
2, 3, 11, 349
What are the prime factors of 125917?
11, 11447
List the prime factors of 882417.
3, 19, 113, 137
List the prime factors of 142972.
2, 31, 1153
What are the prime factors of 138097?
197, 701
List the prime factors of 1708497.
3, 7, 47, 577
List the prime factors of 445901.
23, 19387
What are the prime factors of 3865491?
3, 7, 61357
What are the prime factors of 2635016?
2, 227, 1451
List the prime factors of 3537409.
149, 23741
What are the prime factors of 3672610?
2, 5, 367261
List the prime factors of 347853.
3, 11, 83, 127
What are the prime factors of 139000?
2, 5, 139
List the prime factors of 355408.
2, 97, 229
List the prime factors of 423159.
3, 11, 12823
What are the prime factors of 3823073?
461, 8293
List the prime factors of 806376.
2, 3, 33599
What are the prime factors of 97801?
11, 17, 523
List the prime factors of 12996029.
1277, 10177
List the prime factors of 494933.
494933
What are the prime factors of 1562552?
2, 195319
List the prime factors of 7228918.
2, 3614459
List the prime factors of 26779.
61, 439
List the prime factors of 3109882.
2, 19, 81839
What are the prime factors of 1444047?
3, 11, 43759
List the prime factors of 285172.
2, 71293
List the prime factors of 2301227.
2301227
What are the prime factors of 287821?
287821
What are the prime factors of 450685?
5, 23, 3919
List the prime factors of 20770.
2, 5, 31, 67
What are the prime factors of 202435?
5, 40487
List the prime factors of 214412.
2, 11, 443
List the prime factors of 285664.
2, 79, 113
List the prime factors of 111501.
3, 13, 953
What are the prime factors of 174062?
2, 7, 12433
List the prime factors of 19049409.
3, 2116601
List the prime factors of 120895.
5, 24179
List the prime factors of 379853.
379853
What are the prime factors of 850992?
2, 3, 17729
What are the prime factors of 9544809?
3, 3181603
What are the prime factors of 5962594?
2, 11, 271027
What are the prime factors of 2595694?
2, 1297847
List the prime factors of 484760.
2, 5, 12119
List the prime factors of 22454.
2, 103, 109
List the prime factors of 735714.
2, 3, 7, 5839
List the prime factors of 10873443.
3, 7, 10567
What are the prime factors of 37201?
37201
List the prime factors of 1405285.
5, 7, 40151
List the prime factors of 18106283.
13, 37, 37643
What are the prime factors of 333134?
2, 166567
List the prime factors of 6587211.
3, 17, 53, 2437
List the prime factors of 7394670.
2, 3, 5, 82163
What are the prime factors of 21746643?
3, 7248881
What are the prime factors of 215792?
2, 13487
List the prime factors of 11044291.
151, 73141
List the prime factors of 2391232.
2, 37363
What are the prime factors of 268726?
2, 134363
What are the prime factors of 20369334?
2, 3, 449, 7561
What are the prime factors of 1342098?
2, 3, 74561
What are the prime factors of 4182264?
2, 3, 29, 2003
What are the prime factors of 2805878?
2, 61, 109, 211
What are the prime factors of 5878510?
2, 5, 11, 53441
What are the prime factors of 10826403?
3, 7, 47, 1567
List the prime factors of 234197.
234197
What are the prime factors of 23565880?
2, 5, 13, 45319
List the prime factors of 10532924.
2, 131, 20101
What are the prime factors of 289878?
2, 3, 48313
List the prime factors of 14453725.
5, 11, 13, 311
List the prime factors of 1173310.
2, 5, 117331
What are the prime factors of 196343?
7, 4007
List the prime factors of 8548.
2, 2137
What are the prime factors of 2302071?
3, 767357
What are the prime factors of 485734?
2, 242867
List the prime factors of 285892.
2, 71473
What are the prime factors of 5099849?
5099849
List the prime factors of 17718291.
3, 541, 1213
List the prime factors of 4591787.
19, 383, 631
What are the prime factors of 71823?
3, 89, 269
What are the prime factors of 1178027?
1049, 1123
List the prime factors of 51981.
3, 17327
List the prime factors of 949082.
2, 474541
List the prime factors of 1455862.
2, 89, 8179
What are the prime factors of 197000?
2, 5, 197
List the prime factors of 410873.
17, 24169
What are the prime factors of 1466940?
2, 3, 5, 23, 1063
What are the prime factors of 454566?
2, 3, 7, 79, 137
List the prime factors of 622652.
2, 155663
List the prime factors of 764105.
5, 152821
What are the prime factors of 2768819?
2768819
What are the prime factors of 221684?
2, 157, 353
What are the prime factors of 7337387?
17, 431611
List the prime factors of 122461.
151, 811
List the prime factors of 684044.
2, 41, 43, 97
List the prime factors of 44957.
11, 61, 67
List the prime factors of 3976297.
13, 263, 1163
List the prime factors of 164398.
2, 13, 6323
What are the prime factors of 725590?
2, 5, 72559
List the prime factors of 881293.
7, 125899
What are the prime factors of 298741?
17, 17573
List the prime factors of 384808.
2, 103, 467
List the prime factors of 4911009.
3, 139, 11777
List the prime factors of 75019.
7, 1531
Wh